 digit of 354516?
4
What is the hundreds digit of 21502?
5
What is the thousands digit of 445545?
5
What is the millions digit of 4220110?
4
What is the ten thousands digit of 4609884?
0
What is the thousands digit of 16899817?
9
What is the millions digit of 8591240?
8
What is the hundreds digit of 4139620?
6
What is the tens digit of 168917?
1
What is the millions digit of 2886362?
2
What is the hundreds digit of 400106?
1
What is the ten thousands digit of 539697?
3
What is the hundreds digit of 413700?
7
What is the thousands digit of 3150107?
0
What is the thousands digit of 393068?
3
What is the tens digit of 6691176?
7
What is the units digit of 487443?
3
What is the units digit of 631061?
1
What is the ten thousands digit of 719699?
1
What is the thousands digit of 296858?
6
What is the units digit of 8012381?
1
What is the hundreds digit of 145728?
7
What is the hundreds digit of 1675491?
4
What is the tens digit of 588091?
9
What is the tens digit of 166039?
3
What is the units digit of 1911942?
2
What is the hundreds digit of 257059?
0
What is the millions digit of 5663506?
5
What is the hundreds digit of 495572?
5
What is the ten thousands digit of 7834167?
3
What is the ten thousands digit of 1622545?
2
What is the hundred thousands digit of 1011752?
0
What is the ten millions digit of 11024372?
1
What is the tens digit of 1122117?
1
What is the millions digit of 15426231?
5
What is the hundreds digit of 10241035?
0
What is the thousands digit of 344455?
4
What is the thousands digit of 1568590?
8
What is the units digit of 38367201?
1
What is the units digit of 2439796?
6
What is the units digit of 22252291?
1
What is the millions digit of 1556618?
1
What is the units digit of 35655?
5
What is the tens digit of 126755?
5
What is the tens digit of 620131?
3
What is the units digit of 5275914?
4
What is the units digit of 2391468?
8
What is the tens digit of 1112747?
4
What is the hundreds digit of 84023?
0
What is the thousands digit of 6288896?
8
What is the hundreds digit of 806047?
0
What is the hundred thousands digit of 1386023?
3
What is the hundreds digit of 16940329?
3
What is the units digit of 424943?
3
What is the hundreds digit of 13572320?
3
What is the ten thousands digit of 1018089?
1
What is the thousands digit of 495575?
5
What is the tens digit of 306491?
9
What is the units digit of 6728528?
8
What is the tens digit of 13360711?
1
What is the hundreds digit of 299025?
0
What is the ten thousands digit of 9838768?
3
What is the thousands digit of 10238350?
8
What is the hundred thousands digit of 246691?
2
What is the thousands digit of 137528?
7
What is the ten millions digit of 27433484?
2
What is the units digit of 158290?
0
What is the ten thousands digit of 8386214?
8
What is the thousands digit of 100827?
0
What is the hundreds digit of 783530?
5
What is the tens digit of 337175?
7
What is the units digit of 433594?
4
What is the thousands digit of 6882608?
2
What is the hundred thousands digit of 241760?
2
What is the ten thousands digit of 90088?
9
What is the thousands digit of 618326?
8
What is the thousands digit of 401777?
1
What is the thousands digit of 60926?
0
What is the hundreds digit of 407581?
5
What is the hundreds digit of 1923025?
0
What is the thousands digit of 426726?
6
What is the units digit of 3619897?
7
What is the units digit of 5343493?
3
What is the ten thousands digit of 642881?
4
What is the thousands digit of 5863874?
3
What is the hundred thousands digit of 4638438?
6
What is the hundreds digit of 129120?
1
What is the hundred thousands digit of 2030984?
0
What is the hundreds digit of 7557416?
4
What is the units digit of 31243689?
9
What is the tens digit of 804493?
9
What is the thousands digit of 6522534?
2
What is the hundred thousands digit of 179282?
1
What is the hundred thousands digit of 6182342?
1
What is the tens digit of 346243?
4
What is the tens digit of 922479?
7
What is the tens digit of 596366?
6
What is the hundred thousands digit of 5488938?
4
What is the hundred thousands digit of 364501?
3
What is the ten thousands digit of 14379999?
7
What is the thousands digit of 667399?
7
What is the tens digit of 1685247?
4
What is the units digit of 4499351?
1
What is the millions digit of 40506388?
0
What is the millions digit of 2186611?
2
What is the hundreds digit of 186642?
6
What is the units digit of 1129531?
1
What is the units digit of 3791413?
3
What is the thousands digit of 627875?
7
What is the hundreds digit of 839197?
1
What is the hundreds digit of 82543?
5
What is the millions digit of 15193927?
5
What is the ten thousands digit of 319481?
1
What is the millions digit of 2385327?
2
What is the thousands digit of 1310933?
0
What is the ten thousands digit of 12569245?
6
What is the hundreds digit of 465143?
1
What is the millions digit of 5141034?
5
What is the hundreds digit of 1236197?
1
What is the tens digit of 14487707?
0
What is the hundreds digit of 1436289?
2
What is the thousands digit of 192162?
2
What is the hundred thousands digit of 220551?
2
What is the hundreds digit of 1538946?
9
What is the thousands digit of 12174878?
4
What is the thousands digit of 66451?
6
What is the ten thousands digit of 124210?
2
What is the ten thousands digit of 467441?
6
What is the thousands digit of 22880565?
0
What is the ten thousands digit of 3440424?
4
What is the hundred thousands digit of 8060633?
0
What is the hundred thousands digit of 9059081?
0
What is the tens digit of 151034?
3
What is the hundreds digit of 81090?
0
What is the tens digit of 105029?
2
What is the hundred thousands digit of 435347?
4
What is the units digit of 189659?
9
What is the ten millions digit of 14714399?
1
What is the ten thousands digit of 60616?
6
What is the hundreds digit of 2916323?
3
What is the hundreds digit of 973955?
9
What is the units digit of 4131?
1
What is the hundred thousands digit of 2700931?
7
What is the tens digit of 418498?
9
What is the ten thousands digit of 200722?
0
What is the hundreds digit of 21531677?
6
What is the ten thousands digit of 311459?
1
What is the millions digit of 26121137?
6
What is the ten thousands digit of 8046756?
4
What is the tens digit of 16152415?
1
What is the hundreds digit of 13182969?
9
What is the ten thousands digit of 18825029?
2
What is the ten thousands digit of 78168?
7
What is the millions digit of 8518654?
8
What is the units digit of 1573284?
4
What is the units digit of 327695?
5
What is the hundreds digit of 229297?
2
What is the ten thousands digit of 973770?
7
What is the ten thousands digit of 12661?
1
What is the hundreds digit of 98406?
4
What is the thousands digit of 588919?
8
What is the tens digit of 1165119?
1
What is the hundred thousands digit of 6081646?
0
What is the ten thousands digit of 1050775?
5
What is the tens digit of 10157199?
9
What is the millions digit of 1158178?
1
What is the ten millions digit of 25133892?
2
What is the ten thousands digit of 249925?
4
What is the tens digit of 297410?
1
What is the units digit of 9457061?
1
What is the hundred thousands digit of 125459?
1
What is the hundred thousands digit of 299562?
2
What is the units digit of 1533444?
4
What is the hundred thousands digit of 1902874?
9
What is the ten thousands digit of 481766?
8
What is the thousands digit of 18298137?
8
What is the thousands digit of 36425?
6
What is the thousands digit of 405681?
5
What is the thousands digit of 37435?
7
What is the ten thousands digit of 20551342?
5
What is the tens digit of 317946?
4
What is the thousands digit of 6272024?
2
What is the units digit of 8488?
8
What is the thousands digit of 18106257?
6
What is the hundred thousands digit of 2945372?
9
What is the ten thousands digit of 13162687?
6
What is the hundred thousands digit of 8699615?
6
What is the ten thousands digit of 74573?
7
What is the hundreds digit of 41770578?
5
What is the hundred thousands digit of 539023?
5
What is the units digit of 1217817?
7
What is the millions digit of 1017858?
1
What is the ten thousands digit of 54619?
5
What is the thousands digit of 41189?
1
What is the ten thousands digit of 682084?
8
What is the tens digit of 5598437?
3
What is the thousands digit of 10036050?
